{"id":4189041,"date":"2018-06-01T14:39:36","date_gmt":"2018-06-01T12:39:36","guid":{"rendered":"http:\/\/www.atmos-forum.de\/?page_id=4189041"},"modified":"2018-06-01T14:39:36","modified_gmt":"2018-06-01T12:39:36","slug":"datenschutz","status":"publish","type":"page","link":"https:\/\/www.atmos-forum.de\/?page_id=4189041","title":{"rendered":"Datenschutz"},"content":{"rendered":"<div class=\"wpb_wrapper\">\n<div class=\"vc_separator wpb_content_element vc_separator_align_center vc_sep_width_100 vc_sep_dotted vc_sep_pos_align_center vc_separator-has-text\">\n<h4>Allgemein<\/h4>\n<\/div>\n<div class=\"wpb_text_column wpb_content_element \">\n<div class=\"wpb_wrapper\">\n<p>Jeder B\u00fcrger hat das verfassungsrechtlich gesicherte Recht, \u00fcber die Verwendung seiner pers\u00f6nlichen Daten selbst zu bestimmen. Aus diesem Grund ist es unsere Pflicht, Ihre Daten, die Sie uns beim Besuch unseres Internet-Auftrittes anvertrauen, zu sch\u00fctzen. Nachfolgend m\u00f6chten wir Ihnen aufzeigen, welche Daten wir von Ihnen erheben, was mit diesen Daten geschieht und welche Sicherheitsvorkehrungen wir getroffen haben, um diese Daten vor Missbrauch zu sch\u00fctzen. Wir m\u00f6chten durch diese transparente und verst\u00e4ndliche Information unserer Datenschutzbestimmungen gew\u00e4hrleisten, dass Besucher und Kunden \u00fcber die Erhebung, Verarbeitung und Nutzung von personenbezogenen Daten gut informiert sind.<\/p>\n<\/div>\n<\/div>\n<div class=\"vc_separator wpb_content_element vc_separator_align_center vc_sep_width_100 vc_sep_dotted vc_sep_pos_align_center vc_separator-has-text\">\n<h4><\/h4>\n<h4>Personenbezogene Daten<\/h4>\n<\/div>\n<div class=\"wpb_text_column wpb_content_element \">\n<div class=\"wpb_wrapper\">\n<p>Personenbezogene Daten sind alle Informationen, die sich auf eine identifizierte oder identifizierbare nat\u00fcrliche Person beziehen (z. B. Name, Anschrift, Telefonnummer, Geburtsdatum oder E-Mail-Adresse). Grunds\u00e4tzlich k\u00f6nnen Sie unser Online-Angebot ohne Angabe personenbezogener Daten nutzen. Die Nutzung bestimmter Services kann allerdings die Angabe personenbezogener Daten erfordern, z.B. bei Anforderung eines Ersatzteilangebotes, eines Brennstoffangebotes, oder bei Auskunft zu Fachbetrieben in Ihrer Region.<\/p>\n<\/div>\n<\/div>\n<div class=\"vc_separator wpb_content_element vc_separator_align_center vc_sep_width_100 vc_sep_dotted vc_sep_pos_align_center vc_separator-has-text\">\n<h4>Rechtsgrundlage und Verarbeitungszwecke<\/h4>\n<\/div>\n<div class=\"wpb_text_column wpb_content_element \">\n<div class=\"wpb_wrapper\">\n<p>Wir verarbeiten Ihre personenbezogenen Daten zu nachfolgenden Zwecken:<\/p>\n<ul>\n<li>Bereitstellung dieses Online-Angebots und Vertragserf\u00fcllung gem\u00e4\u00df unseren Nutzungsbedingungen \/ AGB.<\/li>\n<li>Eigen- und Fremdwerbung sowie Marktforschung und Reichweitenmessung im gesetzlich zul\u00e4ssigen Umfang bzw. einwilligungsbasiert<\/li>\n<li>Versand eines E-Mail-Newsletters<\/li>\n<li>Bewerbungen auf unsere Stellenangebote<\/li>\n<\/ul>\n<\/div>\n<\/div>\n<div class=\"vc_separator wpb_content_element vc_separator_align_center vc_sep_width_100 vc_sep_dotted vc_sep_pos_align_center vc_separator-has-text\">\n<h4><\/h4>\n<h4>Weitergabe von Daten an Dritte<\/h4>\n<\/div>\n<div class=\"wpb_text_column wpb_content_element \">\n<div class=\"wpb_wrapper\">\n<p>Ihre personenbezogenen Daten werden von uns grunds\u00e4tzlich nur dann an Dritte gegeben, soweit dies zur Vertragserf\u00fcllung erforderlich ist, wir oder der Dritte ein berechtigtes Interesse an der Weitergabe haben oder Ihre Einwilligung hierf\u00fcr vorliegt. Sofern Daten an Dritte auf Basis eines berechtigten Interesses \u00fcbermittelt werden, wird dies in diesen Datenschutzbestimmungen erl\u00e4utert. Dar\u00fcber hinaus k\u00f6nnen Daten an Dritte \u00fcbermittelt werden, soweit wir aufgrund gesetzlicher Bestimmungen oder durch vollstreckbare beh\u00f6rdliche oder gerichtliche Anordnung hierzu verpflichtet sein sollten.<\/p>\n<\/div>\n<\/div>\n<div class=\"vc_separator wpb_content_element vc_separator_align_center vc_sep_width_100 vc_sep_dotted vc_sep_pos_align_center vc_separator-has-text\">\n<h4><\/h4>\n<h4>Dienstleister<\/h4>\n<\/div>\n<div class=\"wpb_text_column wpb_content_element \">\n<div class=\"wpb_wrapper\">\n<p>Wir behalten uns vor, bei der Erhebung bzw. Verarbeitung von Daten Dienstleister einzusetzen. Dienstleister erhalten von uns nur die personenbezogenen Daten, die sie f\u00fcr ihre konkrete T\u00e4tigkeit ben\u00f6tigen. So kann z. B. Ihre E-Mail-Adresse an einen Dienstleister weitergeben werden, damit dieser Ihnen einen bestellten Newsletter ausliefern kann. Dienstleister k\u00f6nnen auch damit beauftragt werden, Serverkapazit\u00e4ten zur Verf\u00fcgung zu stellen. Dienstleister werden in der Regel als sogenannte Auftragsverarbeiter eingebunden, die personenbezogene Daten der Nutzer dieses Online-Angebots nur nach unseren Weisungen verarbeiten d\u00fcrfen.<\/p>\n<p>Es kann vorkommen, dass innerhalb dieses Onlineangebotes Inhalte Dritter, wie zum Beispiel Videos von YouTube, Kartenmaterial von Google-Maps, RSS-Feeds oder Grafiken von anderen Webseiten eingebunden werden. Dies setzt immer voraus, dass die Anbieter dieser Inhalte (nachfolgend bezeichnet als \u201eDritt-Anbieter\u201c) die IP-Adresse der Nutzer wahrnehmen. Denn ohne die IP-Adresse, k\u00f6nnten sie die Inhalte nicht an den Browser des jeweiligen Nutzers senden. Die IP-Adresse ist damit f\u00fcr die Darstellung dieser Inhalte erforderlich. Wir bem\u00fchen uns nur solche Inhalte zu verwenden, deren jeweilige Anbieter die IP-Adresse lediglich zur Auslieferung der Inhalte verwenden. Jedoch haben wir keinen Einfluss darauf, falls die Dritt-Anbieter die IP-Adresse z.B. f\u00fcr statistische Zwecke speichern. Soweit dies uns bekannt ist, kl\u00e4ren wir die Nutzer dar\u00fcber auf.<\/p>\n<\/div>\n<\/div>\n<div class=\"vc_separator wpb_content_element vc_separator_align_center vc_sep_width_100 vc_sep_dotted vc_sep_pos_align_center vc_separator-has-text\">\n<h4><\/h4>\n<h4>Dauer der Speicherung, Aufbewahrungsfristen<\/h4>\n<\/div>\n<div class=\"wpb_text_column wpb_content_element \">\n<div class=\"wpb_wrapper\">\n<p>Wir speichern Ihre Daten solange, wie dies zur Erbringung unseres Online-Angebots und der damit verbundenen Services erforderlich ist bzw. wir ein berechtigtes Interesse an der weiteren Speicherung haben. In allen anderen F\u00e4llen l\u00f6schen wir Ihre personenbezogenen Daten mit Ausnahme solcher Daten, die wir zur Erf\u00fcllung vertraglicher oder gesetzlicher (z. B. steuer- oder handelsrechtlicher) Aufbewahrungsfristen weiter vorhalten m\u00fcssen (z. B. Rechnungen). Dabei k\u00f6nnen vertragliche Aufbewahrungsfristen auch aus Vertr\u00e4gen mit Dritten herr\u00fchren (z. B. Inhabern von Urheber- und Leistungsschutzrechten). Daten, die einer Aufbewahrungsfrist unterliegen, sperren wir bis zum Ablauf der Frist.<\/p>\n<\/div>\n<\/div>\n<div class=\"vc_separator wpb_content_element vc_separator_align_center vc_sep_width_100 vc_sep_dotted vc_sep_pos_align_center vc_separator-has-text\">\n<h4><\/h4>\n<h4>Beschwerderecht bei der Aufsichtsbeh\u00f6rde<\/h4>\n<\/div>\n<div class=\"wpb_text_column wpb_content_element \">\n<div class=\"wpb_wrapper\">\n<p>Sie haben das Recht, eine Beschwerde bei einer Datenschutzbeh\u00f6rde einzureichen. Sie k\u00f6nnen sich dazu an die Datenschutzbeh\u00f6rde wenden, die f\u00fcr Ihren Wohnort bzw. Ihr Bundesland zust\u00e4ndig ist oder an die f\u00fcr uns zust\u00e4ndige Datenschutzbeh\u00f6rde. Dies ist: https:\/\/www.saechsdsb.de\/anfragen-und-beschwerden<\/p>\n<\/div>\n<\/div>\n<div class=\"vc_separator wpb_content_element vc_separator_align_center vc_sep_width_100 vc_sep_dotted vc_sep_pos_align_center vc_separator-has-text\">\n<h4><\/h4>\n<h4>Sicherheitsvorkehrungen und Technikhinweise<\/h4>\n<\/div>\n<div class=\"wpb_text_column wpb_content_element \">\n<div class=\"wpb_wrapper\">\n<p>Alle Mitarbeiterinnen und Mitarbeiter unseres Unternehmens werden regelm\u00e4\u00dfig zum Datenschutz geschult und sind auf den Datenschutz verpflichtet. Unser Rechenzentrum sowie die hauseigene EDV-Abteilung passen die technischen Sicherheitsvorkehrungen laufend an die aktuellen Gegebenheiten und Anforderungen an. Beides unterliegt einer st\u00e4ndigen Kontrolle durch unsere internen Prozesse und den Datenschutzbeauftragten. Trotzdem k\u00f6nnen Internettechnologien Sicherheitsl\u00fccken aufweisen, die einen umfassenden Schutz nicht hundertprozentig gew\u00e4hrleisten k\u00f6nnen. Deshalb k\u00f6nnen unsere Nutzer Daten auch auf weiteren Kontaktm\u00f6glichkeiten, wie Telefon oder Telefax an uns \u00fcbermitteln.<\/p>\n<p>Unter folgenden Technikhinweisen k\u00f6nnen Sie die Datenschutzeinstellungen Ihres Browsers anpassen.<\/p>\n<p><a title=\"Anleitung Internet Explorer\" href=\"http:\/\/windows.microsoft.com\/de-de\/internet-explorer\/delete-manage-cookies#ie=ie-11-win-7\">Anleitung Internet Explorer<\/a><br \/>\n<a title=\"Anleitung Mozilla Firefox\" href=\"https:\/\/support.mozilla.org\/de\/kb\/cookies-erlauben-und-ablehnen\">Anleitung Mozilla Firefox<\/a><br \/>\n<a title=\"Anleitung Google Chrome\" href=\"https:\/\/support.google.com\/chrome\/answer\/95647\">Anleitung Google Chrome<\/a><br \/>\n<a title=\"Anleitung Safari\" href=\"http:\/\/help.apple.com\/\">Anleitung Safari<\/a><\/p>\n<\/div>\n<\/div>\n<div class=\"vc_separator wpb_content_element vc_separator_align_center vc_sep_width_100 vc_sep_dotted vc_sep_pos_align_center vc_separator-has-text\">\n<h4><\/h4>\n<h4>Log-Dateien<\/h4>\n<\/div>\n<div class=\"wpb_text_column wpb_content_element \">\n<div class=\"wpb_wrapper\">\n<p>Bei jeder Nutzung des Internet werden von Ihrem Internet-Browser automatisch bestimmte Informationen \u00fcbermittelt und von uns in sogenannten Log-Dateien gespeichert.<br \/>\nDie Log-Dateien werden von uns ausschlie\u00dflich zur Ermittlung von St\u00f6rungen und Sicherheitsgr\u00fcnden (z. B. zur Aufkl\u00e4rung von Angriffsversuchen) f\u00fcr 7 bis 10 Tage gespeichert und danach gel\u00f6scht. Log-Dateien, deren weitere Aufbewahrung zu Beweiszwecken erforderlich ist, sind von der L\u00f6schung ausgenommen bis zur endg\u00fcltigen Kl\u00e4rung des jeweiligen Vorfalls und k\u00f6nnen im Einzelfall an Ermittlungsbeh\u00f6rden weitergegeben werden.<\/p>\n<p>In den Log-Dateien werden insbesondere folgende Informationen gespeichert:<\/p>\n<ul>\n<li>IP-Adresse (Internetprotokoll-Adresse) des Endger\u00e4ts, von dem aus auf das Online-Angebot zugriffen wird;<\/li>\n<li>Internetadresse der Website, von der aus das Online-Angebot aufgerufen wurde (sog. Herkunfts- oder Referrer-URL);<\/li>\n<li>Name des Service-Providers, \u00fcber den der Zugriff auf das Online-Angebot erfolgt;<\/li>\n<li>Name der abgerufenen Dateien bzw. Informationen;<\/li>\n<li>Datum und Uhrzeit sowie Dauer des Abrufs;<\/li>\n<li>\u00fcbertragene Datenmenge;<\/li>\n<li>Betriebssystem und Informationen zum verwendeten Internet-Browser einschlie\u00dflich installierter Add-Ons (z. B. f\u00fcr den Flash Player);<\/li>\n<li>http-Status-Code (z. B. \u201eAnfrage erfolgreich\u201c oder \u201eangeforderte Datei nicht gefunden\u201c).<\/li>\n<\/ul>\n<p>Die Bereitstellung personenbezogener Daten kann auch gesetzlich vorgeschrieben sein (z.Bsp. durch Steuervorschriften).<\/p>\n<\/div>\n<\/div>\n<div class=\"vc_separator wpb_content_element vc_separator_align_center vc_sep_width_100 vc_sep_dotted vc_sep_pos_align_center vc_separator-has-text\">\n<h4><\/h4>\n<h4>Berechtigte Interessen an der Verarbeitung<\/h4>\n<\/div>\n<div class=\"wpb_text_column wpb_content_element \">\n<div class=\"wpb_wrapper\">\n<p>Basiert die Verarbeitung personenbezogener Daten auf Artikel 6 f DS-GVO ist unser berechtigtes Interesse die Durchf\u00fchrung unserer Gesch\u00e4ftst\u00e4tigkeit insbesondere hinsichtlich des Wohlergehens unserer Mitarbeiter und der Unternehmenseigent\u00fcmer.<\/p>\n<\/div>\n<\/div>\n<div class=\"vc_separator wpb_content_element vc_separator_align_center vc_sep_width_100 vc_sep_dotted vc_sep_pos_align_center vc_separator-has-text\">\n<h4><\/h4>\n<h4>Datenschutz in Bewerbungsverfahren<\/h4>\n<\/div>\n<div class=\"wpb_text_column wpb_content_element \">\n<div class=\"wpb_wrapper\">\n<p>Zur Abwicklung des Bewerbungsverfahrens erheben wir personenbezogene Daten von Bewerbern. Diese werden bei Zustandekommens eines Anstellungsvertrages weiter f\u00fcr die Durchf\u00fchrung des Anstellungsverh\u00e4ltnisses gespeichert. Hierbei werden die gesetzlichen Vorschriften ber\u00fccksichtigt. Bei einer Absageentscheidung werden die Beerbungsunterlagen sp\u00e4testens nach zwei Monaten gel\u00f6scht. Eine Ausnahme hiervon ist gegeben, wenn wir die Bewerbungsunterlagen beispielsweise zur Beweispflicht in einem Verfahren zum Allgemeinen Gleichstellungsgesetz aufbewahren m\u00fcssen oder andere berechtigte Interessen bestehen. Sollten wir Bewerbungsunterlagen in unseren Bewerberpool l\u00e4ngerfristig aufnehmen, fragen wir hierzu um Ihre Einwilligung.<\/p>\n<\/div>\n<\/div>\n<div class=\"vc_separator wpb_content_element vc_separator_align_center vc_sep_width_100 vc_sep_dotted vc_sep_pos_align_center vc_separator-has-text\">\n<h4><\/h4>\n<h4>Betroffenenrechte<\/h4>\n<\/div>\n<div class=\"wpb_text_column wpb_content_element \">\n<div class=\"wpb_wrapper\">\n<p>Sie haben ein Recht auf Auskunft sowie \u2013 unter bestimmten Voraussetzungen \u2013 auf Berichtigung, L\u00f6schung, Einschr\u00e4nkung der Verarbeitung bzw. Widerspruch gegen die Verarbeitung ihrer personenbezogenen Daten sowie \u2013 ab dem 25. Mai 2018 \u2013 auf Daten\u00fcbertragbarkeit. Sie k\u00f6nnen au\u00dferdem jederzeit Widerspruch gegen die Verarbeitung Ihrer personenbezogenen Daten zu werblichen Zwecken einlegen (\u201eWerbewiderspruch\u201c). Bitte ber\u00fccksichtigen Sie, dass es aus organisatorischen Gr\u00fcnden zu einer \u00dcberschneidung zwischen Ihrem Widerruf und der Nutzung Ihrer Daten im Rahmen einer bereits laufenden Kampagne kommen kann. Sofern Sie uns eine Einwilligung in die Verarbeitung Ihrer Daten erteilt haben, k\u00f6nnen Sie diese jederzeit mit Wirkung f\u00fcr die Zukunft widerrufen. Die Rechtm\u00e4\u00dfigkeit der Verarbeitung Ihrer Daten bis zum Widerruf bleibt hiervon unber\u00fchrt. Bitte nutzen Sie zur Geltendmachung Ihrer Rechte die Angaben zu Beginn dieser Datenschutzerkl\u00e4rung. Bitte stellen Sie dabei sicher, dass uns eine eindeutige Identifizierung Ihrer Person m\u00f6glich ist.<\/p>\n<\/div>\n<\/div>\n<div class=\"vc_separator wpb_content_element vc_separator_align_center vc_sep_width_100 vc_sep_dotted vc_sep_pos_align_center vc_separator-has-text\">\n<h4><\/h4>\n<h4>Cookies<\/h4>\n<\/div>\n<div class=\"wpb_text_column wpb_content_element \">\n<div class=\"wpb_wrapper\">\n<p>Bei den sogenannte Cookies handelt es sich um Text, der mittels des Browsers auf Ihrem Computer \u00fcbermittelt und ggf. dort gespeichert wird. Dies erm\u00f6glicht uns, bestimmte Informationen f\u00fcr einen erneuten Aufruf unserers Shops zu hinterlegen (z.B. keine Werbung zu zeigen, die zuletzt besuchte Kategorie zu ermitteln o.\u00e4.). Diese Cookies sind vollkommen harmlos und k\u00f6nnen auch keinerlei Schaden auf Ihrem Computer anrichten. Sie dienen uns nur dazu, unser Angebot den Kunden bestm\u00f6glich anzupassen und Ihnen das Surfen bei alphasystems so angenehm wie m\u00f6glich zu gestalten. Wir verwenden zum einen sogenannte Session-Cookies, die nur w\u00e4hrend Ihres Besuchs bei alphasystems aktiv sind.<\/p>\n<p>Diese dienen dazu, Sie als Kunden f\u00fcr den Browser identifizierbar zu machen. Beim Verlassen des Shops oder Schliessen des Browsers werden diese Cookies automatisch wieder gel\u00f6scht.<\/p>\n<p>Gleichzeitig wird ein unbegrenzt aktives Cookie anlegt, das jedoch nur zur Z\u00e4hlung der Besucher und zu statistischen Auswertungen auf unserer Site dient und keine weitere Inhalte hat.<\/p>\n<p>In der Hilfe-Funktion Ihres Webbrowsers finden Sie weitere Informationen zum Thema Cookies und wie Sie diese aktivieren, akzeptieren, verwalten und l\u00f6schen k\u00f6nnen.<\/p>\n<\/div>\n<\/div>\n<div class=\"vc_separator wpb_content_element vc_separator_align_center vc_sep_width_100 vc_sep_dotted vc_sep_pos_align_center vc_separator-has-text\">\n<h4><\/h4>\n<h4>Analyse<\/h4>\n<\/div>\n<div class=\"wpb_text_column wpb_content_element \">\n<div class=\"wpb_wrapper\">\n<p>Diese Website benutzt Google Analytics, einen Webanalysedienst der Google Inc, (1600 Amphitheatre Parkway Mountain View, CA 94043, USA; \u201eGoogle\u201c). Die Nutzung umfasst die Betriebsart \u201eUniversal Analytics\u201c. Hierdurch ist es m\u00f6glich, Daten, Sitzungen und Interaktionen \u00fcber mehrere Ger\u00e4te hinweg einer pseudonymen User-ID zuzuordnen und so die Aktivit\u00e4ten eines Nutzers ger\u00e4te\u00fcbergreifend zu analysieren.<\/p>\n<p>Google Analytics verwendet sog. \u201eCookies\u201c, Textdateien, die auf Ihrem Computer gespeichert werden und die eine Analyse der Benutzung der Website durch Sie erm\u00f6glichen. Die durch das Cookie erzeugten Informationen \u00fcber Ihre Benutzung dieser Website werden in der Regel an einen Server von Google in den USA \u00fcbertragen und dort gespeichert. Im Falle der Aktivierung der IP-Anonymisierung auf dieser Website, wird Ihre IP-Adresse von Google jedoch innerhalb von Mitgliedstaaten der Europ\u00e4ischen Union oder in anderen Vertragsstaaten des Abkommens \u00fcber den Europ\u00e4ischen Wirtschaftsraum zuvor gek\u00fcrzt. Nur in Ausnahmef\u00e4llen wird die volle IP-Adresse an einen Server von Google in den USA \u00fcbertragen und dort gek\u00fcrzt. Die im Rahmen von Google Analytics von Ihrem Browser \u00fcbermittelte IP-Adresse wird nicht mit anderen Daten von Google zusammengef\u00fchrt. Im Auftrag des Betreibers dieser Website wird Google diese Informationen benutzen, um Ihre Nutzung der Website auszuwerten, um Reports \u00fcber die Websiteaktivit\u00e4ten zusammenzustellen und um weitere mit der Websitenutzung und der Internetnutzung verbundene Dienstleistungen gegen\u00fcber dem Websitebetreiber zu erbringen. In diesen Zwecken liegt auch unser berechtigtes Interesse an der Datenverarbeitung. Die Rechtsgrundlage f\u00fcr den Einsatz von Google Analytics ist \u00a7 15 Abs.3 TMG bzw. Art. 6 Abs. 1 lit. f DSGVO. Sitzungen und Kampagnen werden nach Ablauf einer bestimmten Zeitspanne beendet. Standardm\u00e4\u00dfig werden Sitzungen nach 30 Minuten ohne Aktivit\u00e4t und Kampagnen nach sechs Monaten beendet. Das Zeitlimit f\u00fcr Kampagnen kann maximal zwei Jahre betragen. N\u00e4here Informationen zu Nutzungsbedingungen und Datenschutz finden Sie unter <a href=\"https:\/\/www.google.com\/analytics\/terms\/de.html\" target=\"_blank\" rel=\"noopener\">https:\/\/www.google.com\/analytics\/terms\/de.html<\/a> bzw. unter <a href=\"https:\/\/policies.google.com\/?hl=de\" target=\"_blank\" rel=\"noopener\">https:\/\/policies.google.com\/?hl=de<\/a>.<\/p>\n<p>Sie k\u00f6nnen die Speicherung der Cookies durch eine entsprechende Einstellung Ihrer Browser-Software verhindern; wir weisen Sie jedoch darauf hin, dass Sie in diesem Fall gegebenenfalls nicht s\u00e4mtliche Funktionen dieser Website vollumf\u00e4nglich werden nutzen k\u00f6nnen. Sie k\u00f6nnen dar\u00fcber hinaus die Erfassung der durch das Cookie erzeugten und auf Ihre Nutzung der Website bezogenen Daten (inkl. Ihrer IP-Adresse) an Google sowie die Verarbeitung dieser Daten durch Google verhindern, indem Sie das <a href=\"https:\/\/tools.google.com\/dlpage\/gaoptout?hl=de\" target=\"_blank\" rel=\"noopener\">Browser-Add-on<\/a> herunterladen und installieren. Opt-Out-Cookies verhindern die zuk\u00fcnftige Erfassung Ihrer Daten beim Besuch dieser Website. Um die Erfassung durch Universal Analytics \u00fcber verschiedene Ger\u00e4te hinweg zu verhindern, m\u00fcssen Sie das Opt-Out auf allen genutzten Systemen durchf\u00fchren. Wenn Sie hier klicken, wird das Opt-Out-Cookie gesetzt: <strong><a href=\"javascript:gaoo_handle_optout();\" id=\"gaoo-link\" class=\"gaoo-link-deactivate\">Verbiete Google Analytics, mich zu verfolgen<\/a><\/strong><\/p>\n<\/div>\n<\/div>\n<div class=\"vc_separator wpb_content_element vc_separator_align_center vc_sep_width_100 vc_sep_dotted vc_sep_pos_align_center vc_separator-has-text\">\n<h4><\/h4>\n<h4>Facebook<\/h4>\n<\/div>\n<div class=\"wpb_text_column wpb_content_element \">\n<div class=\"wpb_wrapper\">\n<p>Dieses Angebot verwendet Social Plugins (\u201ePlugins\u201c) des sozialen Netzwerkes facebook.com, welches von der Facebook Ireland Ltd., 4 Grand Canal Square, Grand Canal Harbour, Dublin 2, Irland betrieben wird (\u201eFacebook\u201c). Die Plugins sind an einem der Facebook Logos erkennbar (wei\u00dfes \u201ef\u201c auf blauer Kachel, den Begriffen \u201eLike\u201c, \u201eGef\u00e4llt mir\u201c oder einem \u201eDaumen hoch\u201c-Zeichen) oder sind mit dem Zusatz \u201eFacebook Social Plugin\u201c gekennzeichnet. Die Liste und das Aussehen der Facebook Social Plugins kann hier eingesehen werden: https:\/\/developers.facebook.com\/docs\/plugins\/.<\/p>\n<p>Wenn ein Nutzer eine Webseite dieses Angebots aufruft, die ein solches Plugin enth\u00e4lt, baut sein Browser eine direkte Verbindung mit den Servern von Facebook auf. Der Inhalt des Plugins wird von Facebook direkt an Ihren Browser \u00fcbermittelt und von diesem in die Webseite eingebunden. Der Anbieter hat daher keinen Einfluss auf den Umfang der Daten, die Facebook mit Hilfe dieses Plugins erhebt und informiert die Nutzer daher entsprechend seinem Kenntnisstand.<\/p>\n<p>Durch die Einbindung der Plugins erh\u00e4lt Facebook die Information, dass ein Nutzer die entsprechende Seite des Angebots aufgerufen hat. Ist der Nutzer bei Facebook eingeloggt, kann Facebook den Besuch seinem Facebook-Konto zuordnen. Wenn Nutzer mit den Plugins interagieren, zum Beispiel den Like Button bet\u00e4tigen oder einen Kommentar abgeben, wird die entsprechende Information von Ihrem Browser direkt an Facebook \u00fcbermittelt und dort gespeichert. Falls ein Nutzer kein Mitglied von Facebook ist, besteht trotzdem die M\u00f6glichkeit, dass Facebook seine IP-Adresse in Erfahrung bringt und speichert. Laut Facebook wird in Deutschland nur eine anonymisierte IP-Adresse gespeichert.<\/p>\n<p>Zweck und Umfang der Datenerhebung und die weitere Verarbeitung und Nutzung der Daten durch Facebook sowie die diesbez\u00fcglichen Rechte und Einstellungsm\u00f6glichkeiten zum Schutz der Privatsph\u00e4re der Nutzer, k\u00f6nnen diese den Datenschutzhinweisen von Facebook entnehmen: https:\/\/www.facebook.com\/about\/privacy\/.<\/p>\n<p>Wenn ein Nutzer Facebookmitglied ist und nicht m\u00f6chte, dass Facebook \u00fcber dieses Angebot Daten \u00fcber ihn sammelt und mit seinen bei Facebook gespeicherten Mitgliedsdaten verkn\u00fcpft, muss er sich vor dem Besuch des Internetauftritts bei Facebook ausloggen. Weitere Einstellungen und Widerspr\u00fcche zur Nutzung von Daten f\u00fcr Werbezwecke, sind innerhalb der Facebook-Profileinstellungen m\u00f6glich: https:\/\/www.facebook.com\/settings?tab=ads.<\/p>\n<p>&nbsp;<\/p>\n<\/div>\n<p><strong>Datenschutzbeauftragter der ATMOS Zentrallager GmbH<br \/>\n<\/strong>Bei Fragen oder Hinweisen rund um das Thema Datenschutz wenden Sie sich bitte an unsere Datenschutzbeauftragte im Unternehmen:<br \/>\nFrau Anke Rentsch<br \/>\nEMail: a.rentsch@atmos-zentrallager.de<\/p>\n<\/div>\n<\/div>\n","protected":false},"excerpt":{"rendered":"<p>Allgemein Jeder B\u00fcrger hat das verfassungsrechtlich gesicherte Recht, \u00fcber die Verwendung seiner pers\u00f6nlichen Daten selbst zu bestimmen. Aus diesem Grund ist es unsere Pflicht, Ihre Daten, die Sie uns beim Besuch unseres Internet-Auftrittes anvertrauen, zu sch\u00fctzen. Nachfolgend m\u00f6chten wir Ihnen aufzeigen, welche Daten wir von Ihnen erheben, was mit diesen Daten geschieht und welche Sicherheitsvorkehrungen [&hellip;]<\/p>\n","protected":false},"author":1,"featured_media":0,"parent":0,"menu_order":0,"comment_status":"closed","ping_status":"closed","template":"","meta":{"footnotes":""},"simple-restrict-permission":[],"class_list":["post-4189041","page","type-page","status-publish","hentry"],"_links":{"self":[{"href":"https:\/\/www.atmos-forum.de\/index.php?rest_route=\/wp\/v2\/pages\/4189041","targetHints":{"allow":["GET"]}}],"collection":[{"href":"https:\/\/www.atmos-forum.de\/index.php?rest_route=\/wp\/v2\/pages"}],"about":[{"href":"https:\/\/www.atmos-forum.de\/index.php?rest_route=\/wp\/v2\/types\/page"}],"author":[{"embeddable":true,"href":"https:\/\/www.atmos-forum.de\/index.php?rest_route=\/wp\/v2\/users\/1"}],"replies":[{"embeddable":true,"href":"https:\/\/www.atmos-forum.de\/index.php?rest_route=%2Fwp%2Fv2%2Fcomments&post=4189041"}],"version-history":[{"count":2,"href":"https:\/\/www.atmos-forum.de\/index.php?rest_route=\/wp\/v2\/pages\/4189041\/revisions"}],"predecessor-version":[{"id":4189043,"href":"https:\/\/www.atmos-forum.de\/index.php?rest_route=\/wp\/v2\/pages\/4189041\/revisions\/4189043"}],"wp:attachment":[{"href":"https:\/\/www.atmos-forum.de\/index.php?rest_route=%2Fwp%2Fv2%2Fmedia&parent=4189041"}],"wp:term":[{"taxonomy":"simple-restrict-permission","embeddable":true,"href":"https:\/\/www.atmos-forum.de\/index.php?rest_route=%2Fwp%2Fv2%2Fsimple-restrict-permission&post=4189041"}],"curies":[{"name":"wp","href":"https:\/\/api.w.org\/{rel}","templated":true}]}}